nder when 1118 is divided by s(-29)?
38
Suppose 4*a = 2*p - 20, -4*p + 5*a = -2*p - 18. Let q = 39 - p. Suppose 0 = 22*m - q*m + 186. Calculate the remainder when m is divided by 17.
11
Let y = -6488 - -7156. Calculate the remainder when y is divided by 71.
29
Let u(o) = 2*o**2 - 5*o - 9. Let i be u(4). Suppose -4*s - 170 = 5*k, -2*s = 7*k - i*k + 130. What is the remainder when 89 is divided by k/(-2 - 3 - -4)?
29
Suppose 0 = -8*o + 703 + 673. Let m = o + -132. Suppose -4*h + 65 = n, -4*h - 2*n + m = -22. What is the remainder when 64 is divided by h?
13
Let o = 153 + -92. What is the remainder when o is divided by (-4)/(-18) - (-9)/6*(-18816)/(-1296)?
17
Let u = -2395 - -2569. Calculate the remainder when u is divided by 173.
1
Let y(u) = 2*u**3 + 56*u**2 + 41*u + 453. What is the remainder when y(-26) is divided by 2073?
18
Suppose 3*y - 80 = 5*s - 43, 2*s - 6 = -4*y. Calculate the remainder when 532 is divided by y.
0
Let w(r) = 2*r**3 + 53*r**2 - 17*r - 22. Calculate the remainder when w(-26) is divided by 24.
16
Let a(n) = 6*n**3 + 5*n**2 - 20*n - 11. Calculate the remainder when a(4) is divided by 125.
123
Let p(w) = 2*w**3 - 142*w**2 - 33*w + 959. Calculate the remainder when p(72) is divided by 13.
7
Let a(r) = -69*r + 392. Let d(t) = 24*t - 131. Let u(n) = 3*a(n) + 8*d(n). What is the remainder when u(-6) is divided by 25?
18
Suppose 0 = -4*r - u - 66, -4*u = -4*r - 52 - 4. Let i be 35/(30/6)*8/2. Let h = i - r. Calculate the remainder when 86 is divided by h.
42
Let c(g) = 15*g**2 - 1. Let b be c(1). Suppose 136 = 10*n - b. What is the remainder when 297 is divided by n?
12
Let p be (-1 - -1)/(3/(-1 + 4)). Let q be 0 - (-1)/2*p. Suppose -g - 2*g + 237 = q. Calculate the remainder when g is divided by 9.
7
Let k = 5 + -5. Suppose -d + 17 = -k*d. Let r(y) = 2*y**2 + 197*y + 1044. Calculate the remainder when r(-93) is divided by d.
4
Suppose 5*y = 16*y - 17193. Let q = y + -956. Calculate the remainder when q is divided by 61.
58
Let l be 2 - (1 + -2 - 4). Suppose 8*u = l*u. Suppose 12 = -u*j + 3*j. What is the remainder when 22 is divided by j?
2
Let t = -83 + 87. Suppose -4 = t*r, i - r + 2*r = 319. Suppose -k - 3*k + i = 4*g, -404 = -5*g - 3*k. Calculate the remainder when g is divided by 21.
19
Let o = -987 + 1386. Let v = -274 + o. Calculate the remainder when v is divided by 16.
13
What is the remainder when ((35/(-5) - 2) + 4)*-901 is divided by 141?
134
Suppose 5*a - 3*n = -0*n + 2078, 5*n - 20 = 0. Let x(w) = -w**3 + 35*w**2 - 165*w + 6. What is the remainder when a is divided by x(6)?
58
Let b = 15268 + -14962. What is the remainder when b is divided by 152?
2
Suppose 4*o = -4*d + 568, -5*o - 390 = -3*d - 2*o. Calculate the remainder when 526 is divided by d.
118
Suppose 0 = 218*d - 2505 + 761. Calculate the remainder when 222 is divided by d.
6
Let w(y) = y**3 + 13*y**2 + 13*y + 15. Let q be w(-12). Suppose -q*a + 7 - 1 = 0. Let s = 11 + a. Calculate the remainder when 22 is divided by s.
9
What is the remainder when -128 + 147 - (0 - 42) is divided by 54?
7
Let v(h) = -h**3 + 9*h**2 - 10*h - 16. Let i(q) = 9*q**2 - 5*q + 7. Suppose -9*l = -l - 16. What is the remainder when i(l) is divided by v(7)?
9
Let k be (0/1)/(2 + -3). Suppose 2*v - 52 = -g, k = 5*g - 3*g + 3*v - 99. What is the remainder when 116 is divided by g?
32
Let o be ((-8)/(-16))/(1/8). Suppose o*j - 108 = -0*j. Calculate the remainder when 3/6 + (-1510)/(-20) is divided by j.
22
Suppose -297*o + 169 = -1019. What is the remainder when 1446 is divided by o?
2
Suppose -3*m - 798 = -0*m - 4*b, 4*b = -12. Let k = 613 + m. What is the remainder when k is divided by 43?
42
Let v(t) = -t**2 - 6*t + 10. Let x be v(-6). Let n be (-129)/(-27) - x/(-45). Calculate the remainder when 35 - n - (6 - 2) is divided by 7.
5
Let i(y) = 3*y**2 - 13*y - 14. Let f be i(-1). Suppose f*c - 278 = -l, 168 = c - 3*l + 36. Calculate the remainder when c is divided by 24.
18
Let z(l) be the second derivative of -l**4/12 + l**3/2 + 11*l**2/2 + 31*l. Let k be z(5). What is the remainder when (2/(-2))/((5 + k)/(-270)) is divided by 23?
22
Let i = 2685 + -912. Suppose -w - 8*w = -i. What is the remainder when w is divided by 33?
32
Let q = -282 - -280. Let w(c) = -10*c - 6. Calculate the remainder when 82 is divided by w(q).
12
Let t(c) be the second derivative of 1/2*c**4 - c**3 + 0 + 5*c**2 + 1/20*c**5 - c. What is the remainder when 7 is divided by t(-7)?
1
Let k(l) = l - 60. Let o(h) = -2*h + 176. Let f(v) = 11*k(v) + 4*o(v). Suppose 3*r = 1 + 17. Calculate the remainder when f(-2) is divided by r.
2
Let p(f) = f**3 - 23*f**2 + 8. Suppose -2*d + 56 = 5*d. What is the remainder when d is divided by p(23)?
0
Let k(l) = 2*l**2 - l - 8. Let w be k(-8). Let n be (8/6)/((w/(-60))/16). What is the remainder when (-3 + (2 - -1) + n)*-4 is divided by 11?
7
Suppose 4006 = -28*n - 3582. Let i = n - -289. What is the remainder when 62 is divided by i?
8
Suppose -152*n = -159*n + 2*q + 923, 2*n - 5*q = 215. Let w(p) = -p**3 - p**2 - 2*p - 1. Calculate the remainder when n is divided by w(-3).
20
Let f = -173 + 169. Let l(o) = 4*o**2 + 5*o - 3. Let z = -21 - -32. What is the remainder when l(f) is divided by z?
8
Suppose 9*p + 3390 = 24*p. Let z = 243 - p. Let v = -12 - -42. Calculate the remainder when v is divided by z.
13
Let r = 3141 - 3103. What is the remainder when 1270 is divided by r?
16
Suppose -1121*p + 572 = 4*n - 1118*p, -2*n + 2*p = -300. Suppose 5*m - 51 - 34 = 0. What is the remainder when n is divided by m?
10
Suppose q - 2*w = -3*q + 234, 5*q - 297 = w. Suppose -9*n + 7*n + q = 0. Let t = n + 23. What is the remainder when 209 is divided by t?
50
Suppose 3*g = -3*q + 63 - 27, -4*g - 2*q + 54 = 0. What is the remainder when 34482 is divided by g?
12
What is the remainder when 30258*(-24)/(-576) + 0 + 2/8 is divided by 622?
17
Suppose -11*b - 23*b + 5562 = 69*b. Calculate the remainder when 599 is divided by b.
5
Suppose -s = 9 - 11. Suppose -443 = 2*l - 7*l + 4*o, -s*l - 5*o = -164. Let u = -69 + l. Calculate the remainder when u is divided by 9.
0
Let p(m) be the second derivative of m**4/12 + 5*m**3/3 + 2*m**2 - 4*m - 19. What is the remainder when p(0) is divided by 1?
0
Let t = -11793 - -11806. What is the remainder when 786 is divided by t?
6
Calculate the remainder when 3695 is divided by 288/(-20)*4*30/(-36).
47
Suppose -3*x + 1276 = -1166. Suppose -69*n - x = -80*n. Suppose 3*q - 3*l = l + 75, l - 25 = -q. Calculate the remainder when n is divided by q.
24
Let l = -1644 - -1746. What is the remainder when 207 is divided by l?
3
Let w(v) = 5*v**2 + 260*v + 417. Calculate the remainder when w(-58) is divided by 25.
7
Suppose 0 = -12*c + 7*c + 360. Suppose 2*v - c = -2*t, -16*v + 11*v = 4*t - 143. What is the remainder when 48 is divided by t?
11
Suppose 5*s - 5*c - 4840 = 0, -21*c + 2 = -20*c. What is the remainder when s is divided by 98?
88
Let y be 14/(-3)*15*30/(-175). What is the remainder when ((-3320)/12)/(y/(-18)*1) is divided by 38?
35
Suppose -3*f = -5*j - 200, 8*j = 18*f - 22*f + 252. What is the remainder when 7017 is divided by f?
62
Let l(b) = -2*b**2 - 123*b - 1820. Let o = -11 + 16. Suppose 0 = 4*p - o*p + 8. Calculate the remainder when l(-35) is divided by p.
3
Let v(d) be the first derivative of d**2/2 - 6*d - 6. What is the remainder when 68 is divided by v(30)?
20
Suppose -2*l - 5*v + 1796 = -2*v, 5*v = -4*l + 3586. What is the remainder when l is divided by 70?
49
Suppose 4*l - 143 = -2*b - 53, 5*b + 105 = 5*l. Suppose l = 3*i - 5*c, -5*c + 33 = -5*i + 73. What is the remainder when 81/2 + 3/6 is divided by i?
5
Let v = 7164 + -7157. Calculate the remainder when 16 is divided by v.
2
What is the remainder when (-3)/10 - ((-644870)/(-100))/(-59) is divided by 87?
22
Calculate the remainder when -3 + (15 + 5)/5*240776/32 is divided by 304.
302
Suppose -5*y + 4*y = -4*g - 47, 5*y - 191 = -2*g. Calculate the remainder when y is divided by 21/21*3*(-21)/(-9).
4
Let z be (3*1)/((-3)/(-15)). Suppose -3*t = 2*v + 7, -10*v + 5*v + 3*t - 7 = 0. What is the remainder when (z - (v - -1))*(-2)/(-2) is divided by 6?
4
Suppose o - 766 = -0*o + 4*l, 3*o + l = 2350. Calculate the remainder when o is divided by 29.
28
Let g be -3*(3 - 82/(-6)). Let n = g + 55. Suppos